Calculate l(5).
-6
Let y(b) = -b**3 - 6*b**2 - 3*b - 4. Determine y(-5).
-14
Let q(h) = h + 3. Determine q(4).
7
Let x(o) = -o**3 - 7*o**2 + 13*o + 35. What is x(-8)?
-5
Let c(z) = z**3 + 9*z**2 + 24*z + 28. Give c(-6).
-8
Let o(x) = -x + 8. Calculate o(12).
-4
Let w(f) = 3*f**2 - 3*f - 6. Give w(-4).
54
Let j(s) = -50*s + 13. What is j(1)?
-37
Let k(s) = 11*s + 185. Give k(-17).
-2
Let k(b) = -38*b + 1141. Determine k(30).
1
Let g(f) = -11*f**2 + 56*f - 7. What is g(5)?
-2
Let r(d) = -2*d + 14. What is r(26)?
-38
Let f(o) = -2*o - 8. Calculate f(-2).
-4
Let c(o) = -2*o + 27. Determine c(8).
11
Let l(c) = -c**2 + 16*c + 2. Calculate l(16).
2
Let a(x) = 3*x - 13. Determine a(7).
8
Let x(p) = p**2 + 9*p - 2. Give x(-10).
8
Let f(l) = -l**2 - 14*l + 54. Determine f(-19).
-41
Let j(h) = h**3 + h + 28. Calculate j(0).
28
Let x(r) = -10*r - 17. Determine x(17).
-187
Let t(y) = 3*y**2 + 18*y + 17. Calculate t(-7).
38
Let h(c) = 14*c**3 + 1. Determine h(-1).
-13
Let r(n) = 6*n**3 - n**2 - 9*n - 9. Determine r(-1).
-7
Let p(v) = -2*v - 1. Determine p(-3).
5
Let o(b) = 9*b - 33. Determine o(5).
12
Let w(b) = b**2 - 5*b. What is w(6)?
6
Let a(h) = 13*h + 57. What is a(-5)?
-8
Let s(l) = -l**2 + 2*l - 6. What is s(4)?
-14
Let p(b) = -18*b + 1567. Give p(87).
1
Let a(u) = -4*u**2 + 6. Calculate a(5).
-94
Let h(f) = -f**2 - 15*f + 188. Determine h(-23).
4
Let x(d) = -5*d**3 - 3*d**2 - 2*d - 2. Give x(-2).
30
Let f(x) = 6*x**2 - 5*x - 15. What is f(-5)?
160
Let k(n) = -10*n - 5. Determine k(3).
-35
Let k(w) = w - 41. Give k(4).
-37
Let o(m) = m**3 - m**2 - 4*m + 1. Give o(3).
7
Let r(k) = -2*k - 2. Determine r(4).
-10
Let o(p) = -p**2 - 15*p + 7. Determine o(-15).
7
Let d(v) = -32*v - 249. What is d(-8)?
7
Let f(b) = -3*b - 33. Calculate f(-11).
0
Let a(d) = -d**3 + 5*d**2 + d + 3. Calculate a(6).
-27
Let q(s) = -30*s + 333. Determine q(11).
3
Let t(w) = -2*w**2 - 10*w - 5. What is t(-3)?
7
Let n(x) = 3*x - 65. Give n(10).
-35
Let u(t) = 19*t. What is u(1)?
19
Let i(o) = 4*o**3 + o**2 + 7*o + 4. What is i(-1)?
-6
Let a(w) = w**3 - 6*w**2 + 18*w - 51. Give a(4).
-11
Let r(f) = 4*f + 8. Calculate r(-4).
-8
Let k(n) = -n**3 - 21*n**2 + 23*n + 19. What is k(-22)?
-3
Let b(j) = j**3 + 15*j**2 + 3*j + 18. Give b(-15).
-27
Let u(m) = -m**2 - m + 12. Determine u(-4).
0
Let d(t) = t**2 - 5*t + 6. Calculate d(7).
20
Let w(h) = -h - 3. Calculate w(0).
-3
Let f(o) = o**3 - 14*o**2 - 19*o + 21. What is f(15)?
-39
Let l(r) = r**3 - 14*r**2 + 3*r - 17. Calculate l(14).
25
Let k(i) = -i**3 - 13*i**2 - i - 5. Calculate k(-13).
8
Let m(t) = t**2 + 18*t - 22. Give m(-16).
-54
Let j(r) = -r**3 - 4*r**2 - 8*r - 9. Determine j(-3).
6
Let g(v) = 22*v - 333. Calculate g(16).
19
Let x(n) = -n**3 - n**2 - 2*n + 3. Calculate x(-3).
27
Let y(x) = -8*x + 6. Calculate y(-7).
62
Let a(p) = -p**3 - 14*p**2 + 38*p + 93. Determine a(-16).
-3
Let q(n) = -107*n + 861. Calculate q(8).
5
Let j(r) = 3*r + 14. Give j(-10).
-16
Let f(z) = z**2 - 12*z - 111. Calculate f(18).
-3
Let v(b) = b**3 + 5*b**2 - 6*b - 3. Give v(-5).
27
Let p(n) = -8*n + 26. Determine p(4).
-6
Let w(c) = -c**3 + 4*c**2 + 9*c - 6. What is w(6)?
-24
Let s(w) = w**3 - 13*w**2 - 15*w - 4. Determine s(14).
-18
Let g(h) = 5*h - 3. Determine g(3).
12
Let k(n) = -14*n**2 - n + 1. What is k(1)?
-14
Let j(v) = -2*v**2 - 18*v - 14. Give j(-8).
2
Let s(l) = -7*l. Give s(4).
-28
Let w(h) = h**3 - 16*h**2 + 6*h - 13. Give w(16).
83
Let i(k) = k**3 + 9*k**2 - 2*k + 9. What is i(-9)?
27
Let o(r) = 2*r**3 - 3*r**2 + r + 1. What is o(1)?
1
Let u(n) = -4*n**2 + 5*n + 1. Determine u(2).
-5
Let s(k) = k - 33. Determine s(19).
-14
Let c(q) = -q**2 + q - 2. What is c(0)?
-2
Let z(b) = -b**3 - 7*b**2 - 8*b - 2. Give z(-6).
10
Let y(x) = 2*x**3 + 15*x**2 + 10*x + 16. What is y(-7)?
-5
Let q(t) = 2*t - 20. Determine q(13).
6
Let g(u) = 9*u - 24. Calculate g(11).
75
Let b(y) = 2*y - 14. Give b(13).
12
Let u(v) = v**3 - 3*v**2 - v + 1. What is u(2)?
-5
Let w(t) = -t**2 + t + 5. Determine w(7).
-37
Let w(y) = 35*y**3 - 3*y - 4. Calculate w(-1).
-36
Let h(m) = m**2 + 12*m - 58. Give h(-17).
27
Let i(b) = b**3 - 5*b**2 + 6*b - 3. Determine i(4).
5
Let u(m) = m + 3. Give u(-6).
-3
Let d(s) = -2*s**3 - 3*s**2 - 3*s - 2. Calculate d(-2).
8
Let k(u) = u**2 + u + 4. Calculate k(-5).
24
Let q(c) = -12*c + 1. Calculate q(1).
-11
Let r(b) = b**2 - 8*b - 13. Calculate r(-2).
7
Let u(j) = -2*j**3 - 4. What is u(-2)?
12
Let u(s) = 7*s**2 + s + 5. Give u(-3).
65
Let h(d) = 2*d**2 - 5*d. Give h(-6).
102
Let j(f) = 6*f - 44. Give j(6).
-8
Let p(f) = -f**3 + 5*f**2 + 9*f - 11. Calculate p(6).
7
Let b(u) = -u**3 + 9*u**2 + 3*u + 2. Determine b(9).
29
Let w(z) = z**2 - 2*z - 1. What is w(-4)?
23
Let m(s) = 4*s**3 - 4*s**2 - 3*s + 4. Give m(3).
67
Let z(c) = c**2 + 6*c - 79. Give z(7).
12
Let j(a) = a**2 - 20*a - 22. What is j(18)?
-58
Let t(k) = 5*k - 19. Determine t(15).
56
Let x(c) = c**2 + 6*c + 9. Calculate x(-7).
16
Let v(h) = 2*h + 34. Calculate v(-20).
-6
Let x(p) = p**2 - 3*p - 6. What is x(9)?
48
Let u(w) = -w**2 + 12*w + 11. Determine u(13).
-2
Let r(q) = q**3 - 6*q**2 + 6*q - 11. What is r(5)?
-6
Let h(k) = 12*k**3 - k**2 - 20*k - 19. Determine h(-1).
-12
Let m(b) = 7*b + 11. Give m(-2).
-3
Let c(m) = 5*m - 5. Calculate c(-4).
-25
Let f(u) = -u**3 - 5*u**2 - 8*u - 24. Give f(-4).
-8
Let x(j) = -5*j + 14. Determine x(5).
-11
Let p(i) = -i**2 - 6*i. What is p(0)?
0
Let l(u) = 32*u - 98. Give l(3).
-2
Let p(x) = -2*x**2 + 63*x + 487. Give p(38).
-7
Let w(o) = o**3 - 26*o**2 - 27*o - 29. Give w(27).
-29
Let t(x) = 18*x - 7. Determine t(1).
11
Let l(w) = 194*w - 979. Determine l(5).
-9
Let q(f) = -f**3 + 8*f**2 - 8*f + 8. Determine q(8).
-56
Let l(h) = 4*h**2 - 23*h + 17. Calculate l(5).
2
Let c(i) = 2*i + 60. Give c(-29).
2
Let t(u) = u**3 - 6*u**2 - 3*u - 12. What is t(6)?
-30
Let o(x) = -x**3 + 5*x**2 - 5*x + 3. Calculate o(3).
6
Let m(u) = 38*u**3 - 6*u**2 - 7*u - 1. What is m(-1)?
-38
Let q(o) = -6*o + 3. What is q(-8)?
51
Let f(h) = h**2 + 40*h - 79. Give f(-42).
5
Let o(u) = 2*u**2 + 8*u - 18. Calculate o(4).
46
Let a(k) = k**3 - 7*k**2 - 6*k - 9. Give a(9).
99
Let x(c) = c**2 - 6*c - 10. Determine x(8).
6
Let b(a) = -15*a + 91. Calculate b(6).
1
Let s(h) = 58*h + 350. What is s(-6)?
2
Let q(a) = -a**3 + 6*a**2 - 7*a + 4. What is q(4)?
8
Let s(f) = 3*f + 23. Give s(-6).
5
Let h(s) = 2*s**2 + 25*s - 36. What is h(-14)?
6
Let m(y) = 15*y. Give m(4).
60
Let o(p) = p**2 - 3*p + 6. Determine o(4).
10
Let w(u) = -4*u**3 + 3*u**2 - 4*u + 3. Determine w(3).
-90
Let v(c) = -4*c**2 - c. What is v(-1)?
-3
Let o(d) = -d**3 + 6*d**2 - 4*d + 6. Give o(4).
22
Let d(m) = -2*m + 27. Determine d(15).
-3
Let y(p) = -3*p + 54. What is y(8)?
30
Let d(s) = 17*s**3 + 2*s - 2. Give d(1).
17
Let h(c) = -13*c - 136. Determine h(-10).
-6
Let v(a) = -2*a**2 - 14*a - 34. Give v(-4).
-10
Let s(l) = l**2 + 61*l + 110. Calculate s(-59).
-8
Let l(u) = 3*u + 4. Calculate l(9).
31
Let k(z) = -z - 11. What is k(-17)?
6
Let c(s) = s**2 - 8*s + 2. Determine c(8).
2
Let u(a) = -a**3 - 5*a**2 - a - 7. What is u(-5)?
-2
Let j(d) = 10*d - 207. What is j(0)?
-207
Let d(u) = u**3 + 17*u**2 - 15*u + 11. What is d(-18)?
-43
Let r(u) = -4*u**3 - 3*u**2 + 10*u. Give r(-3).
51
Let w(h) = -2*h**3 + 7*h**2 + 8*h - 9. Calculate w(4).
7
Let h(t) = -t**2 + 19*t + 121. Determine h(-5).
1
Let q(z) = -9*z**2 - 1. Determine q(1).
-10
Let w(n) = n**2. What is w(-4)?
16
Let y(x) = 26*x**3 + 3*x - 3. Give y(1).
26
Let g(o) = 4*o**3 - 4*o**2 + o - 4. Give g(3).
71
Let h(y) = y**2 + 16*y + 20. Calculate h(-15).
5
Let d(q) = q**3 - 5*q**2 - 12*q + 29. What is d(7)?
43
Let o(p) = -p**2 - 17*p - 56. Give o(-5).
4
Let a(u) = -u**3 - u**2 - 4*u - 8. What is a(0)?
-8
Let a(h) = -h**3 - 13*h**2 - 13*h + 13. Determine a(-12).
25
Let j(x) = -x**3 - 3*x**2 + 5*x + 11. What is j(-3)?
-4
Let l(v) = v**3 + 4*v**2 - 4*v - 1. Calculate l(-4).
15
Let f(t) = 2*t**2 + 2*t - 2. Give f(-2).
2
Let b(v) = -17*v**2 + 2*v. Determine b(-2).
-72
Let y(k) = k**2 - 4*k - 33. Determine y(-4).
-1
Let x(i) = -i**3 - 8*i**2 - 13*i + 5. Give x(-6).
11
Let r(g) = g**2 + g - 9. Give r(-9).
63
Let w(z) = z**3 - 15*z**2 + z - 8. What is w(15)?
7
Let x(p) = -p + 6. Calculate x(-3).
9
Let n(u) = u + 15. Calculate n(0).
15
Let n(u) = -u**3 - 10*u**2 + 13*